r**3 - 358*r**2 + 51*r + 9028. Calculate u(-179).
-101
Let b(p) = -3949*p**2 - 240884*p + 293. Determine b(-61).
-12
Let a(d) = -2*d**3 - 29*d**2 + 721*d + 8775. Give a(-11).
-3
Let c(t) = -29729*t - 59487. Calculate c(-2).
-29
Let a(j) = -253*j**2 - 2032*j + 3. Give a(-8).
67
Let a(t) = -13*t**2 - 165759*t - 165759. Give a(-1).
-13
Let n(r) = -2*r**3 + 168*r**2 + 6274*r - 270. Determine n(112).
-46
Let z(d) = 17862*d - 35772. What is z(2)?
-48
Let w(l) = -l**2 + 1264*l + 90574. Determine w(-68).
-2
Let k(o) = 5*o**2 + 1243*o - 10344. What is k(8)?
-80
Let r(g) = -951*g - 4985. Give r(-5).
-230
Let r(g) = 1435*g + 1722017. Calculate r(-1200).
17
Let o(w) = 16*w**2 - 23*w - 9376. Determine o(25).
49
Let s(v) = 72*v**2 + 184*v - 372. Determine s(2).
284
Let g(a) = a**3 + 99*a**2 - 35*a - 3072. Give g(-99).
393
Let i(l) = -523*l + 29965. Calculate i(57).
154
Let s(k) = k**3 + 97*k**2 + 184*k - 503. Calculate s(-95).
67
Let b(d) = -d**3 + 3225*d**2 + 22567*d - 8. Calculate b(-7).
391
Let b(a) = -3758*a - 14888. Calculate b(-4).
144
Let g(n) = -572*n - 87522. Determine g(-153).
-6
Let q(l) = 14517*l + 27149. What is q(-2)?
-1885
Let u(p) = -p**3 + 128*p**2 - 495*p + 65. What is u(124)?
189
Let u(h) = -h**3 + 138*h**2 + 6742*h - 6282. Calculate u(-39).
-3
Let d(n) = 4*n**3 + 124*n**2 + 122*n + 64. What is d(-30)?
4
Let v(d) = -2*d**3 - 42*d**2 - 234*d - 748. Determine v(-15).
62
Let g(i) = 220*i + 21422. Calculate g(-98).
-138
Let a(o) = -1607*o - 25692. What is a(-16)?
20
Let q(c) = 3*c**3 + 1040*c**2 - 1372*c + 6948. What is q(-348)?
-12
Let a(t) = 5*t**2 - 87*t + 604. Give a(10).
234
Let x(i) = -2*i**3 - 256*i**2 - 251*i + 670. What is x(-127)?
289
Let q(i) = 206*i**2 - 2699*i + 51. Determine q(13).
-222
Let p(q) = -895*q - 15220. Calculate p(-17).
-5
Let f(o) = 76*o + 29374. Determine f(-386).
38
Let p(q) = q**3 + 27*q**2 - 316*q - 140. Give p(9).
-68
Let b(d) = 4*d**2 - 1316*d - 21825. Calculate b(345).
255
Let p(i) = -9*i**2 + 126*i + 1377. Give p(-7).
54
Let y(a) = 380*a + 108992. Determine y(-287).
-68
Let j(u) = u**3 + 91*u**2 - 927*u + 1705. Determine j(7).
18
Let r(d) = 117*d - 3509. What is r(30)?
1
Let c(b) = -144*b - 55424. Determine c(-384).
-128
Let g(s) = 2*s**2 - 781*s + 28057. Determine g(40).
17
Let w(r) = -115*r - 11253. Determine w(-105).
822
Let t(c) = c**2 + 26944*c + 726769. Give t(-27).
10
Let s(v) = 554*v**2 + 3758*v - 648. Calculate s(-7).
192
Let x(i) = 848*i - 7244. What is x(7)?
-1308
Let l(h) = 2*h**3 + 13*h**2 - 10*h + 305. What is l(-10)?
-295
Let y(u) = -1502*u - 16528. Determine y(-11).
-6
Let t(g) = -8453*g + 16899. Calculate t(2).
-7
Let o(m) = -455*m**2 + 69626*m - 1701. Calculate o(153).
-18
Let i(t) = 14*t**3 + 166*t**2 + 3*t + 106. Determine i(-12).
-218
Let m(a) = -2*a**2 - 2426*a - 283489. Determine m(-131).
-5
Let s(p) = -5*p**2 + 356*p - 4298. Give s(56).
-42
Let k(r) = -11*r**2 - 187*r - 2970. Give k(-24).
-4818
Let o(w) = 6*w**2 - 977*w + 1896. Determine o(161).
125
Let l(u) = -7697*u - 69281. Give l(-9).
-8
Let b(t) = 2688*t - 26977. What is b(10)?
-97
Let o(q) = -13*q**2 + 3101*q + 9237. What is o(-3)?
-183
Let d(w) = 2*w**2 + 9242*w - 419935. What is d(45)?
5
Let h(g) = 5*g**3 + 1260*g**2 + 2517*g + 4281. Give h(-250).
31
Let b(q) = 2*q**3 + 71*q**2 - 285*q - 342. Calculate b(-39).
126
Let p(f) = -f**2 + 19997*f + 480537. What is p(-24)?
33
Let t(p) = 3*p**3 + 48*p**2 + 422*p + 2422. Calculate t(-10).
2
Let i(h) = 40*h**3 + 80*h**2 - 83*h + 7. Determine i(-5).
-2578
Let m(d) = -d**3 + 14*d**2 + 395*d - 3024. Calculate m(25).
-24
Let m(l) = -355*l - 4487. Give m(-13).
128
Let m(o) = 46*o**2 + 608*o - 2354. Give m(4).
814
Let j(f) = -f**2 + 1200*f + 1311853. Calculate j(-693).
4
Let b(c) = -5*c**3 - 99*c**2 + 37*c + 124. Give b(-20).
-216
Let j(b) = -115*b**3 + 2*b**2 - 704*b + 1391. What is j(2)?
-929
Let k(u) = 6314*u + 19031. Give k(-3).
89
Let b(h) = 181790*h + 3817584. What is b(-21)?
-6
Let n(u) = -u**3 + 130*u**2 - 736*u - 5. Give n(6).
43
Let x(k) = k**3 - 2672*k**2 - 43146*k - 2207. Give x(-16).
1
Let b(p) = -3429*p - 1515612. Give b(-442).
6
Let i(p) = -2*p**3 + 170*p**2 + 80*p - 6813. Determine i(85).
-13
Let y(l) = -l**2 - 6779*l + 88283. Calculate y(13).
-13
Let h(f) = 1542*f - 3156. Give h(2).
-72
Let k(n) = -n**3 + 68*n**2 + 122*n + 2016. What is k(69)?
5673
Let n(q) = 373104*q + 8208279. Determine n(-22).
-9
Let j(q) = 2*q**2 + 236*q + 6386. What is j(-37)?
392
Let a(k) = 7355549*k - 36777738. Give a(5).
7
Let a(s) = 2416*s - 31409. Calculate a(13).
-1
Let w(d) = d**3 + 19*d**2 + 223*d + 2145. Calculate w(-13).
260
Let i(t) = -5*t**3 - 94*t**2 - 82*t - 140. Determine i(-18).
40
Let m(a) = 1973*a**2 - 31529*a - 527. What is m(16)?
97
Let c(q) = -281*q - 3403. What is c(-13)?
250
Let p(x) = -5*x**2 - 189*x - 2955. Calculate p(-16).
-1211
Let g(q) = -q**3 - 76*q**2 - 865*q - 65728. What is g(-76)?
12
Let y(o) = -o**3 - 9*o**2 + 24*o - 27. Give y(-11).
-49
Let w(u) = 2239*u + 11077. Calculate w(-5).
-118
Let t(m) = -7*m**2 + 631. Determine t(-13).
-552
Let i(k) = 9498*k**2 + 56999*k - 18. Give i(-6).
-84
Let m(y) = 70*y**2 + 10641*y - 492. Calculate m(-152).
-644
Let i(j) = 382653*j - 3061216. Give i(8).
8
Let b(x) = -6*x**3 + 1312*x**2 + 445*x - 201. What is b(219)?
1332
Let m(o) = o**3 - 71*o**2 + 475*o - 241. Give m(7).
-52
Let h(g) = -7*g**2 - 700*g + 211. Determine h(-100).
211
Let d(l) = 227*l**2 - 87175*l + 2619. Calculate d(384).
-69
Let j(p) = -923*p + 946. Calculate j(1).
23
Let s(j) = 4*j**3 - 2*j**2 - 1360*j + 176. Determine s(19).
1050
Let p(b) = 2210*b + 119301. Give p(-54).
-39
Let h(c) = -c**3 - 85*c**2 + 176*c - 16. Give h(-87).
-190
Let h(u) = -u**3 + 71*u**2 - 548*u + 2741. Determine h(63).
-31
Let y(n) = -3*n**3 + 1628*n**2 + 485*n + 31532. Give y(543).
38
Let z(q) = 311*q**2 - 100*q - 100. What is z(-1)?
311
Let i(k) = -k**2 + 53*k - 632. Determine i(27).
70
Let y(t) = -3*t**3 - 9*t**2 + 3*t - 125. Determine y(-10).
1945
Let z(d) = -10*d**2 + 3296*d - 57859. Give z(311).
-13
Let h(u) = 18069*u - 127627. Calculate h(7).
-1144
Let a(g) = -5*g**2 - 49*g + 690. Determine a(-19).
-184
Let m(j) = -62*j**3 + 2*j**2 + 841. Calculate m(0).
841
Let s(v) = -v**2 - 637*v + 62201. Calculate s(86).
23
Let v(m) = m**3 - 9*m**2 - 6508*m + 58598. Calculate v(9).
26
Let p(q) = -q**3 - 3*q**2 + 5495*q + 38311. Determine p(-7).
42
Let c(x) = -x**3 - 148*x**2 + 155*x - 2889. What is c(-149)?
-3783
Let k(h) = -2*h**3 + 36*h**2 - 301*h + 3223. Give k(15).
58
Let d(a) = -98*a**2 + 600*a + 489. Determine d(7).
-113
Let z(k) = -433*k + 100804. Calculate z(233).
-85
Let q(h) = 793*h**2 + 14*h + 24. What is q(2)?
3224
Let c(y) = -2*y**3 + 575*y**2 + 4140*y + 250. Give c(-7).
131
Let b(j) = 8*j**2 - 167*j + 2729. Calculate b(28).
4325
Let u(m) = m**3 + 82*m**2 - 3*m + 6363. What is u(-83)?
-277
Let v(h) = 4*h**2 - 187*h + 3906. Calculate v(28).
1806
Let z(k) = k**3 - 14*k**2 + 203*k - 2661. Give z(13).
-191
Let v(g) = -2*g**3 + 54*g**2 + 11645*g - 59. What is v(91)?
-332
Let z(b) = -253*b - 52973. What is z(-209)?
-96
Let r(v) = v**3 - 131*v**2 + 1215*v - 43043. What is r(124)?
-15
Let g(p) = 1046*p - 106197. What is g(102)?
495
Let v(g) = -20*g**2 - 22*g - 61. Determine v(6).
-913
Let f(x) = -4*x**2 - 38*x - 131. Calculate f(-9).
-113
Let o(s) = -9*s**2 + 3068*s - 12103. What is o(4)?
25
Let r(c) = -c**3 - 33*c**2 + 11*c - 7. Give r(-33).
-370
Let r(d) = -2*d**3 - 38*d**2 - 84*d + 144. Determine r(-4).
0
Let n(p) = -p**3 + 51*p**2 - 567*p - 2026. Calculate n(29).
33
Let a(n) = 226*n**2 + 8149*n - 277. Determine a(-36).
-745
Let y(d) = -882*d - 58878. Calculate y(-66).
-666
Let o(c) = -2950*c - 262553. Give o(-89).
-3
Let p(m) = 3*m**3 - 12*m**2 - 876*m + 1788. Give p(2).
12
Let w(j) = -2*j**3 - 53*j**2 - 20*j + 78. Calculate w(-26).
-78
Let i(w) = 46*w**2 - 3*w - 218. Calculate i(-2).
-28
Let q(k) = -3*k**3 - 968*k**2 + 276*k - 15154. What is q(-323)?
27
Let h(m) = 4*m**3 + m**2 + 4415*m - 8856. Determine h(2).
10
Let l(d) = -45*d**2 - 2137*d + 184277. Determine l(-92).
1
Let x(u) = -u**3 - 197*u**2 - 438*u - 9371. Calculate x(-195).
-11
Let b(j) = -j**3 - 39*j**2 + 1056*j + 41439. Give b(-38).
-133
Let i(q) = 88595*q - 88591. What is i(1)?
4
Let x(o) = -55342*o - 387723. Calculate x(-7).
-3